erivative of o(m). Give b(-1).
-2
Let x(k) = -19*k - 221 + 221. Let d(i) = 2*i - 19. Let y be d(9). Calculate x(y).
19
Let t(p) = -p**3 + 10*p**2 + 10*p + 14. Let h = -59 - -70. Determine t(h).
3
Let o(p) = -p**2 + 2*p + 11. Let i be o(4). Suppose i*c + 4*m + 1 = 0, -5*c - 1 = m - 5. Let q(u) = 10*u - 1. What is q(c)?
9
Let q(s) = -2*s**2 - 22*s + 6. Suppose -66*y - 253 = -43*y. Calculate q(y).
6
Let c(k) = k**3 + 9*k**2 + 11*k + 4. Let s(q) = -q**2 + q + 35. Let u be s(-6). What is c(u)?
25
Let t(p) be the first derivative of p**4/12 + p**3 + 5*p**2/2 + 2*p - 3. Let r(n) be the first derivative of t(n). Suppose -5*z - 55 = -30. What is r(z)?
0
Let h(r) = r**2 + 7*r + 8. Let b(s) = -s + 27. Let m be b(-3). Suppose 0 = -3*k, 2*w + 3*w + m = -5*k. Determine h(w).
2
Let c(h) = -h - 1. Let r(o) = -7*o - 11. Suppose -5 - 1 = -d. Let m(y) = d*c(y) - r(y). Let g(v) = -v**2 + 17*v + 12. Let p be g(18). Calculate m(p).
-1
Let c(s) be the second derivative of s**5/20 - 5*s**4/6 + 4*s**3/3 + 4*s**2 - 38*s - 1. Determine c(9).
-1
Suppose -2*t + 12 = t. Suppose h - t = -2. Let l(a) = a + 2. Let q(z) = -z - 2. Let f(k) = -6*l(k) - 7*q(k). Calculate f(h).
4
Let a(h) = 267*h - 2*h**3 - 9 - 8*h**2 - 258*h + 3*h**3. Calculate a(7).
5
Suppose 2*h - 3*d + 24 = 0, h + 13 = -0*d + 2*d. Let f = -13 - h. Let u(c) = c**2 + 5*c - 3. Give u(f).
-7
Let j be 3/(4/26*2/(-68)). Let p be j/(-136) - ((-5)/(-8))/(-5). Let l(v) = -2*v + 7. Give l(p).
-3
Let o be (-6)/4*(-250)/15. Let u = o + -14. Let z be u/(-2) - 2/(-4). Let n(b) = -b**2 - 7*b - 4. Calculate n(z).
6
Suppose 3*l + 2*n = 1 + 1, 4 = -3*l - 5*n. Let h(t) = -2 + t**l + 5 - 6*t - 2 + 5. Let i = 88 - 83. Give h(i).
1
Suppose 0*l = 3*l + 18. Suppose -c - 2*c = -45. Let f be (16/20)/(l/c). Let j(n) = n + 1. Determine j(f).
-1
Let c(b) = -b**3 - 2*b**2 - b. Let y(n) = -n**3 - 24*n**2 + 17*n + 5. Let h(a) = -2*c(a) + y(a). Give h(19).
5
Let k(l) be the third derivative of -l**5/60 + 5*l**4/12 + l**3/3 - l**2 + 2*l. What is k(9)?
11
Let p be ((-1)/(-3))/(1/9). Let y(f) = 24*f**2 + 4*f - 2. Let l(s) = -29*s**2 - 5*s + 3. Let u(q) = -5*l(q) - 6*y(q). Determine u(p).
9
Let a(w) = -w**3 + 3*w**2 - 2*w + 4. Suppose 0*b + 27 = 9*b. Calculate a(b).
-2
Let y(q) = -q**3 - 5*q**2 - 5*q - 1. Let c be 3 - (4 - 3) - 6. Let s be y(c). Suppose 0*g - s*g - 12 = 0. Let b(l) = l - 1. What is b(g)?
-5
Let x(d) = -d + 1. Let b(a) = 13*a + a**3 + 13 - 2 + 3 + 14*a**2. Let v be b(-13). Suppose 2*i = -2*p + v, 2*i + 0*p + p - 11 = 0. What is x(i)?
-3
Let p(c) = c**2 + 4*c - 3. Suppose 4*r = -4*r + 48. Suppose -r*f - f - 28 = 0. Calculate p(f).
-3
Let k be ((-40)/(-15) + -3)*-6. Let j(y) = 2 - y + 6 - 7 + 0. Determine j(k).
-1
Let s(q) = 4*q**2 - 1. Let o = 3 - 2. Let z be s(o). Suppose 4 - 34 = 3*v + z*k, 0 = 5*v + 4*k + 45. Let t(w) = -w**3 - 4*w**2 + 5*w - 6. Calculate t(v).
-6
Suppose -k = -4*u - 2*k + 15, 15 = 2*u + 3*k. Let p(x) = 0*x**3 + 0*x**3 - x - 2 + 5*x**3 + u*x**2 - 4*x**3. Give p(-3).
1
Let n(k) be the second derivative of -k**5/20 - 25*k**4/12 + k**3/3 + 45*k**2/2 + 105*k + 4. What is n(-25)?
-5
Let g(a) = -2*a + 13. Let j(h) = h**2 - 10*h + 18. Let b be j(9). Let c(d) = d**2 - 6*d - 17. Let k be c(b). Determine g(k).
-7
Let s(o) be the first derivative of 7/3*o**3 + o - o**2 - 57. What is s(1)?
6
Suppose 0*u + 18 = 9*u. Let d be 2/10 + u/10*-31. Let w(q) = 4 + 3*q - 2*q + 2. Calculate w(d).
0
Suppose 2*w - 4*w = 16. Let t = 14 + w. Let p(r) = -r - 28. Let n(k) = -2*k - 40. Let s(c) = -2*n(c) + 3*p(c). What is s(t)?
2
Let m = 309 - 305. Let r(o) be the third derivative of 0*o + 1/8*o**m - 1/30*o**5 + 0 + 0*o**3 - 4*o**2. Calculate r(2).
-2
Let b = -37 - -40. Suppose -16 + 1 = b*z. Let c(m) = -3*m - 4. Give c(z).
11
Suppose 0 = 9*z + 2 + 61. Let t be (30/(-4))/(9/(-18)). Let k(m) = t + m - 4 - 3. Calculate k(z).
1
Let q(r) = -3*r**3 + 2*r**2 + 5*r - 10. Let y(l) = 18*l**3 + 0*l - 15 + 7*l + 3*l**2 - 22*l**3. Let p(i) = 7*q(i) - 5*y(i). Give p(0).
5
Let t(v) = v - 6. Let a(z) = 4*z + 12. Let b(m) = -m - 7*m - 1 + m + 6*m. Let c(j) = -a(j) - 6*b(j). Let k(n) = 2*c(n) - 3*t(n). Determine k(-5).
1
Let t(y) = -y**3 - 3*y**2 + 3*y - 5. Let f be -5 - ((-84)/108 - 6/27). Give t(f).
-1
Suppose -4 = 2*b - 2. Let y = -280 - -587. Let w(d) = -307*d + 1 + y*d - 7*d**2. Give w(b).
-6
Let w = 199 - 199. Let q(s) = 2*s**2 - 8. What is q(w)?
-8
Let h(y) be the third derivative of y**5/120 + y**4/24 - y**3/6 + 11*y**2. Let i(d) be the first derivative of h(d). Determine i(6).
7
Let r = 226 + -220. Let v(z) = 4*z - 2. Determine v(r).
22
Suppose -4*d + 5*c - 26 = -19, 1 = 2*d - c. Let p(f) be the second derivative of f**3/6 - f**2/2 + f. Determine p(d).
1
Let h = -70 + 72. Let o(m) = -2*m**3 - 2*m**2 + 2*m - 3. What is o(h)?
-23
Let k(s) = s**3 + 4*s**2 - 6*s - 3. Let r be k(-5). Let c(x) be the second derivative of -x**4/12 + x**3/6 + x**2/2 + 753*x. Calculate c(r).
-1
Let p(w) = w**2 + 3*w + 5. Let h(y) = y + 9. Let t be h(-5). Let l be 6/(-27) + 280/(-36) + t. Determine p(l).
9
Let t(a) = 1. Let c(z) = -z - 1. Let m(f) = 2*c(f) + 3*t(f). Let h be ((-18)/(-12))/(-2 - (-19)/8). Let v be (32/48)/(h/(-30)). Give m(v).
11
Suppose -2*r - 8*r + 310 = 0. Suppose 0 = -3*q - 3*m - 0*m - 24, -4*q = 3*m + r. Let u(i) = 2*i + 5. Calculate u(q).
-9
Let v(h) = -2*h**3 + 2*h**2 + h - 3. Let j(i) = -3*i + 830*i**3 - 1 - 825*i**3 - 5*i**2 + 10. Let c(g) = 3*j(g) + 8*v(g). What is c(0)?
3
Let x be (1/(-3))/(3/261). Let m = x + 31. Let r(h) = -h**3 + 3*h**2 - 2*h - 1. Determine r(m).
-1
Let h(k) = 5*k**2 - 6*k**2 - 29 - 7*k + 21. Let g(u) = -u**3 - 3*u**2 - 2*u - 7. Let s be g(-2). Determine h(s).
-8
Let r(j) = j**2 - 15*j - 7. Let n(d) = -d**2 - 21*d - 52. Let u be n(-17). Give r(u).
9
Let w(l) = -l**2 - l + 1 + 1 - l**3 + 3. Suppose -4*r = 2*q - 2, r - 14 = 3*q + 4. Suppose 2*y - r*s = -2*y + 9, -5*s - 15 = -y. Give w(y).
5
Let a(w) = -w**3 - 5*w**2 - 2*w - 4. Let t(p) = 2*p**2 + p - 8. Let f be t(-4). Let n be 12/15 - 76/f. Determine a(n).
-16
Let j(r) = r**2 + 7*r - 5. Suppose -11*s + 10*s + 7 = 0. Let u(n) = n**3 - 6*n**2 - 10*n + 15. Let h be u(s). Determine j(h).
-11
Let i(k) be the third derivative of k**4/24 - 25*k**3/6 + 217*k**2. Give i(14).
-11
Let v(g) = -2*g - 3. Let p(o) = -o**2 - 5*o - 10. Let f be p(-2). What is v(f)?
5
Let i(o) = -8*o - 71. Let q(a) = 17*a + 154. Let g(k) = -13*i(k) - 6*q(k). Let r(f) = f**2 - f - 1. Let h be r(2). Give g(h).
1
Let n(u) be the third derivative of -u**6/120 + 2*u**5/15 + u**4/24 + u**3/2 - 98*u**2. Determine n(8).
11
Let i(m) be the second derivative of -m**3 + m**2/2 + 4*m. Let z(h) = -h**3 + 5*h**2 - 1. Let k be z(5). Determine i(k).
7
Let n(g) = -g**2 - 10*g - 1. Let v be -10 + (-1 - 2 - -4). Let a be n(v). Let x(w) = w - 10. Calculate x(a).
-2
Let v(p) be the second derivative of p**7/2520 + p**6/180 + p**5/20 - p**4 - 9*p. Let u(w) be the third derivative of v(w). Calculate u(-5).
11
Suppose 24 = 6*o - 0. Let m(q) = q + 13. Let b(u) = -2*u - 20. Let s(f) = -5*b(f) - 8*m(f). Give s(o).
4
Let p(y) = 4*y + 7. Let u be (4 + 1)/(0 - -1). What is p(u)?
27
Let m be (-36)/(-60) - 8/(-20). Let g(n) = 9*n**3 - n + 1. Determine g(m).
9
Let x(z) = -2*z + 16. Let c be ((-16)/(-5))/((-36)/(-90)). What is x(c)?
0
Suppose -436 = 4*n - 2*c, 3*n + 7*c - 2*c + 327 = 0. Let u = -108 - n. Let t(d) = -10*d**2 + d. What is t(u)?
-9
Suppose 2*d - 10 = -0*z + z, 5*z + 4*d = 20. Let f be (-1 - -2) + (z - 0). Let k(w) = -w + f + 8 + 5 - 7. What is k(-6)?
13
Let m(p) = -p - 10. Let s = -30 - -38. Calculate m(s).
-18
Let u(g) = g**3 - 5*g**2 + 3*g - 3. Suppose 110*q - 5*k = 106*q + 20, 4*k = 0. What is u(q)?
12
Let z = 63 - 61. Let a(w) = -w**z + 5*w - 4*w - 7*w - 10 - 3*w. Give a(-7).
4
Let v(n) = 3*n - 6. Let l = -104 - -98. Calculate v(l).
-24
Let s(o) be the second derivative of o**5/20 - 5*o**4/12 - 5*o**3/6 + o**2 + 43*o. Let h be (-124)/(-20) - (-2)/(-10). Determine s(h).
8
Let f(b) = -b**3 - 3*b + 4. Let o be f(1). Let j(z) = -z**2 + z + 45. Give j(o).
45
Let v = -27 + 51. Suppose -v*l = -19*l. Let u(m) = -m**3 + 7. Calculate u(l).
7
Let i(z) = -7 + 0 + 2 - 6 - z. Let s be i(-4). Let t(b) = -b**3 - 6*b**2 + 7*b - 6. Calculate t(s).
-6
Let x(z) = -z**3 - 4*z**2 + 6*z + 3. Suppose -f - 4 = h + 6, 0 = -2*f + h - 8. Calculate x(f).